{"id":1084,"date":"2020-07-02T09:07:15","date_gmt":"2020-07-02T07:07:15","guid":{"rendered":"http:\/\/identity-communication.fr\/?page_id=1084"},"modified":"2025-07-29T11:48:38","modified_gmt":"2025-07-29T09:48:38","slug":"objets-publicitaires","status":"publish","type":"page","link":"https:\/\/identity-communication.fr\/index.php\/objets-publicitaires\/","title":{"rendered":"Objets"},"content":{"rendered":"\t\t<div data-elementor-type=\"wp-page\" data-elementor-id=\"1084\" class=\"elementor elementor-1084\">\n\t\t\t\t\t\t<section class=\"elementor-section elementor-top-section elementor-element elementor-element-d2acd73 elementor-section-boxed elementor-section-height-default elementor-section-height-default\" data-id=\"d2acd73\" data-element_type=\"section\" data-e-type=\"section\">\n\t\t\t\t\t\t<div class=\"elementor-container elementor-column-gap-default\">\n\t\t\t\t\t<div class=\"elementor-column elementor-col-50 elementor-top-column elementor-element elementor-element-220b0e4\" data-id=\"220b0e4\" data-element_type=\"column\" data-e-type=\"column\">\n\t\t\t<div class=\"elementor-widget-wrap elementor-element-populated\">\n\t\t\t\t\t\t<div class=\"elementor-element elementor-element-ccb1b94 elementor-widget elementor-widget-image\" data-id=\"ccb1b94\" data-element_type=\"widget\" data-e-type=\"widget\" data-widget_type=\"image.default\">\n\t\t\t\t<div class=\"elementor-widget-container\">\n\t\t\t\t\t\t\t\t\t\t\t\t\t\t\t<img fetchpriority=\"high\" decoding=\"async\" width=\"1024\" height=\"768\" src=\"https:\/\/identity-communication.fr\/wp-content\/uploads\/2020\/07\/Mug-MOckup-1024x768.jpg\" class=\"attachment-large size-large wp-image-1081\" alt=\"\" srcset=\"https:\/\/identity-communication.fr\/wp-content\/uploads\/2020\/07\/Mug-MOckup-1024x768.jpg 1024w, https:\/\/identity-communication.fr\/wp-content\/uploads\/2020\/07\/Mug-MOckup-300x225.jpg 300w, https:\/\/identity-communication.fr\/wp-content\/uploads\/2020\/07\/Mug-MOckup-768x576.jpg 768w, https:\/\/identity-communication.fr\/wp-content\/uploads\/2020\/07\/Mug-MOckup-1536x1152.jpg 1536w, https:\/\/identity-communication.fr\/wp-content\/uploads\/2020\/07\/Mug-MOckup-2048x1536.jpg 2048w\" sizes=\"(max-width: 1024px) 100vw, 1024px\" \/>\t\t\t\t\t\t\t\t\t\t\t\t\t\t\t<\/div>\n\t\t\t\t<\/div>\n\t\t\t\t\t<\/div>\n\t\t<\/div>\n\t\t\t\t<div class=\"elementor-column elementor-col-50 elementor-top-column elementor-element elementor-element-4d41f17\" data-id=\"4d41f17\" data-element_type=\"column\" data-e-type=\"column\">\n\t\t\t<div class=\"elementor-widget-wrap elementor-element-populated\">\n\t\t\t\t\t\t<div class=\"elementor-element elementor-element-45d7638 elementor-widget elementor-widget-text-editor\" data-id=\"45d7638\" data-element_type=\"widget\" data-e-type=\"widget\" data-widget_type=\"text-editor.default\">\n\t\t\t\t<div class=\"elementor-widget-container\">\n\t\t\t\t\t\t\t\t\t<p>Notre agence vous propose une grande vari\u00e9t\u00e9 de goodies (accessoires) afin que vous puissiez par la suite satisfaire vos clients via des cadeaux personnalis\u00e9s. Voici quelques-uns de nos produits phares :<\/p>\t\t\t\t\t\t\t\t<\/div>\n\t\t\t\t<\/div>\n\t\t\t\t<div class=\"elementor-element elementor-element-be2f4e3 elementor-widget elementor-widget-text-editor\" data-id=\"be2f4e3\" data-element_type=\"widget\" data-e-type=\"widget\" data-widget_type=\"text-editor.default\">\n\t\t\t\t<div class=\"elementor-widget-container\">\n\t\t\t\t\t\t\t\t\t<p>&#8211; Briquets\u00a0<\/p><p>&#8211; Cl\u00e9s USB\u00a0<\/p><p>&#8211; Stylos\u00a0<\/p><p>&#8211; Gratte vitres<\/p><p>&#8211; D\u00e9capsuleurs<\/p><p>&#8211; Magnets\u00a0<\/p><p>&#8211; Mugs<\/p><p>&#8211; Porte cl\u00e9s&#8230;<\/p>\t\t\t\t\t\t\t\t<\/div>\n\t\t\t\t<\/div>\n\t\t\t\t<div class=\"elementor-element elementor-element-3c493d0 elementor-widget elementor-widget-text-editor\" data-id=\"3c493d0\" data-element_type=\"widget\" data-e-type=\"widget\" data-widget_type=\"text-editor.default\">\n\t\t\t\t<div class=\"elementor-widget-container\">\n\t\t\t\t\t\t\t\t\t<p><span style=\"color: #ffffff;\">Cette liste est non-exhaustive, toute demande plus personnalis\u00e9e (format, visuels etc&#8230;) est possible.<\/span><\/p>\t\t\t\t\t\t\t\t<\/div>\n\t\t\t\t<\/div>\n\t\t\t\t\t<\/div>\n\t\t<\/div>\n\t\t\t\t\t<\/div>\n\t\t<\/section>\n\t\t\t\t<section class=\"elementor-section elementor-top-section elementor-element elementor-element-132ad2f elementor-section-boxed elementor-section-height-default elementor-section-height-default\" data-id=\"132ad2f\" data-element_type=\"section\" data-e-type=\"section\">\n\t\t\t\t\t\t<div class=\"elementor-container elementor-column-gap-default\">\n\t\t\t\t\t<div class=\"elementor-column elementor-col-100 elementor-top-column elementor-element elementor-element-cd9b884\" data-id=\"cd9b884\" data-element_type=\"column\" data-e-type=\"column\">\n\t\t\t<div class=\"elementor-widget-wrap elementor-element-populated\">\n\t\t\t\t\t\t<div class=\"elementor-element elementor-element-9310314 elementor-widget elementor-widget-spacer\" data-id=\"9310314\" data-element_type=\"widget\" data-e-type=\"widget\" data-widget_type=\"spacer.default\">\n\t\t\t\t<div class=\"elementor-widget-container\">\n\t\t\t\t\t\t\t<div class=\"elementor-spacer\">\n\t\t\t<div class=\"elementor-spacer-inner\"><\/div>\n\t\t<\/div>\n\t\t\t\t\t\t<\/div>\n\t\t\t\t<\/div>\n\t\t\t\t<div class=\"elementor-element elementor-element-3fdc93c elementor-widget elementor-widget-image\" data-id=\"3fdc93c\" data-element_type=\"widget\" data-e-type=\"widget\" data-widget_type=\"image.default\">\n\t\t\t\t<div class=\"elementor-widget-container\">\n\t\t\t\t\t\t\t\t\t\t\t\t\t\t\t<img decoding=\"async\" width=\"1000\" height=\"200\" src=\"https:\/\/identity-communication.fr\/wp-content\/uploads\/2020\/08\/Goodies.png\" class=\"attachment-large size-large wp-image-1196\" alt=\"\" srcset=\"https:\/\/identity-communication.fr\/wp-content\/uploads\/2020\/08\/Goodies.png 1000w, https:\/\/identity-communication.fr\/wp-content\/uploads\/2020\/08\/Goodies-300x60.png 300w, https:\/\/identity-communication.fr\/wp-content\/uploads\/2020\/08\/Goodies-768x154.png 768w\" sizes=\"(max-width: 1000px) 100vw, 1000px\" \/>\t\t\t\t\t\t\t\t\t\t\t\t\t\t\t<\/div>\n\t\t\t\t<\/div>\n\t\t\t\t\t<\/div>\n\t\t<\/div>\n\t\t\t\t\t<\/div>\n\t\t<\/section>\n\t\t\t\t<\/div>\n\t\t","protected":false},"excerpt":{"rendered":"<p>Notre agence vous propose une grande vari\u00e9t\u00e9 de goodies (accessoires) afin que vous puissiez par la suite satisfaire vos clients via des cadeaux personnalis\u00e9s. Voici quelques-uns de nos produits phares : &#8211; Briquets\u00a0 &#8211; Cl\u00e9s USB\u00a0 &#8211; Stylos\u00a0 &#8211; Gratte vitres &#8211; D\u00e9capsuleurs &#8211; Magnets\u00a0 &#8211; Mugs &#8211; Porte cl\u00e9s&#8230; Cette liste est non-exhaustive, toute&#8230;<\/p>\n","protected":false},"author":1,"featured_media":0,"parent":0,"menu_order":0,"comment_status":"closed","ping_status":"closed","template":"","meta":{"footnotes":""},"class_list":["post-1084","page","type-page","status-publish","hentry"],"yoast_head":"<!-- This site is optimized with the Yoast SEO plugin v24.5 - https:\/\/yoast.com\/wordpress\/plugins\/seo\/ -->\n<title>Objets - Identity Communication<\/title>\n<meta name=\"description\" content=\"Identity Communication vous propose des objets publicitaires personnalis\u00e9s pour renforcer votre visibilit\u00e9 : briquets, cl\u00e9s USB, stylos...\" \/>\n<meta name=\"robots\" content=\"index, follow, max-snippet:-1, max-image-preview:large, max-video-preview:-1\" \/>\n<link rel=\"canonical\" href=\"https:\/\/identity-communication.fr\/index.php\/objets-publicitaires\/\" \/>\n<meta property=\"og:locale\" content=\"fr_FR\" \/>\n<meta property=\"og:type\" content=\"article\" \/>\n<meta property=\"og:title\" content=\"Objets - Identity Communication\" \/>\n<meta property=\"og:description\" content=\"Identity Communication vous propose des objets publicitaires personnalis\u00e9s pour renforcer votre visibilit\u00e9 : briquets, cl\u00e9s USB, stylos...\" \/>\n<meta property=\"og:url\" content=\"https:\/\/identity-communication.fr\/index.php\/objets-publicitaires\/\" \/>\n<meta property=\"og:site_name\" content=\"Identity Communication\" \/>\n<meta property=\"article:modified_time\" content=\"2025-07-29T09:48:38+00:00\" \/>\n<meta property=\"og:image\" content=\"https:\/\/identity-communication.fr\/wp-content\/uploads\/2020\/07\/Mug-MOckup-scaled.jpg\" \/>\n\t<meta property=\"og:image:width\" content=\"2560\" \/>\n\t<meta property=\"og:image:height\" content=\"1920\" \/>\n\t<meta property=\"og:image:type\" content=\"image\/jpeg\" \/>\n<meta name=\"twitter:card\" content=\"summary_large_image\" \/>\n<meta name=\"twitter:label1\" content=\"Dur\u00e9e de lecture estim\u00e9e\" \/>\n\t<meta name=\"twitter:data1\" content=\"1 minute\" \/>\n<script type=\"application\/ld+json\" class=\"yoast-schema-graph\">{\"@context\":\"https:\/\/schema.org\",\"@graph\":[{\"@type\":\"WebPage\",\"@id\":\"https:\/\/identity-communication.fr\/index.php\/objets-publicitaires\/\",\"url\":\"https:\/\/identity-communication.fr\/index.php\/objets-publicitaires\/\",\"name\":\"Objets - Identity Communication\",\"isPartOf\":{\"@id\":\"https:\/\/identity-communication.fr\/#website\"},\"primaryImageOfPage\":{\"@id\":\"https:\/\/identity-communication.fr\/index.php\/objets-publicitaires\/#primaryimage\"},\"image\":{\"@id\":\"https:\/\/identity-communication.fr\/index.php\/objets-publicitaires\/#primaryimage\"},\"thumbnailUrl\":\"http:\/\/identity-communication.fr\/wp-content\/uploads\/2020\/07\/Mug-MOckup-1024x768.jpg\",\"datePublished\":\"2020-07-02T07:07:15+00:00\",\"dateModified\":\"2025-07-29T09:48:38+00:00\",\"description\":\"Identity Communication vous propose des objets publicitaires personnalis\u00e9s pour renforcer votre visibilit\u00e9 : briquets, cl\u00e9s USB, stylos...\",\"breadcrumb\":{\"@id\":\"https:\/\/identity-communication.fr\/index.php\/objets-publicitaires\/#breadcrumb\"},\"inLanguage\":\"fr-FR\",\"potentialAction\":[{\"@type\":\"ReadAction\",\"target\":[\"https:\/\/identity-communication.fr\/index.php\/objets-publicitaires\/\"]}]},{\"@type\":\"ImageObject\",\"inLanguage\":\"fr-FR\",\"@id\":\"https:\/\/identity-communication.fr\/index.php\/objets-publicitaires\/#primaryimage\",\"url\":\"http:\/\/identity-communication.fr\/wp-content\/uploads\/2020\/07\/Mug-MOckup-1024x768.jpg\",\"contentUrl\":\"http:\/\/identity-communication.fr\/wp-content\/uploads\/2020\/07\/Mug-MOckup-1024x768.jpg\"},{\"@type\":\"BreadcrumbList\",\"@id\":\"https:\/\/identity-communication.fr\/index.php\/objets-publicitaires\/#breadcrumb\",\"itemListElement\":[{\"@type\":\"ListItem\",\"position\":1,\"name\":\"Accueil\",\"item\":\"https:\/\/identity-communication.fr\/\"},{\"@type\":\"ListItem\",\"position\":2,\"name\":\"Objets\"}]},{\"@type\":\"WebSite\",\"@id\":\"https:\/\/identity-communication.fr\/#website\",\"url\":\"https:\/\/identity-communication.fr\/\",\"name\":\"Identity Communication\",\"description\":\"Votre agence multim\u00e9dia \u00e0 Voiron\",\"potentialAction\":[{\"@type\":\"SearchAction\",\"target\":{\"@type\":\"EntryPoint\",\"urlTemplate\":\"https:\/\/identity-communication.fr\/?s={search_term_string}\"},\"query-input\":{\"@type\":\"PropertyValueSpecification\",\"valueRequired\":true,\"valueName\":\"search_term_string\"}}],\"inLanguage\":\"fr-FR\"}]}<\/script>\n<!-- \/ Yoast SEO plugin. -->","yoast_head_json":{"title":"Objets - Identity Communication","description":"Identity Communication vous propose des objets publicitaires personnalis\u00e9s pour renforcer votre visibilit\u00e9 : briquets, cl\u00e9s USB, stylos...","robots":{"index":"index","follow":"follow","max-snippet":"max-snippet:-1","max-image-preview":"max-image-preview:large","max-video-preview":"max-video-preview:-1"},"canonical":"https:\/\/identity-communication.fr\/index.php\/objets-publicitaires\/","og_locale":"fr_FR","og_type":"article","og_title":"Objets - Identity Communication","og_description":"Identity Communication vous propose des objets publicitaires personnalis\u00e9s pour renforcer votre visibilit\u00e9 : briquets, cl\u00e9s USB, stylos...","og_url":"https:\/\/identity-communication.fr\/index.php\/objets-publicitaires\/","og_site_name":"Identity Communication","article_modified_time":"2025-07-29T09:48:38+00:00","og_image":[{"width":2560,"height":1920,"url":"https:\/\/identity-communication.fr\/wp-content\/uploads\/2020\/07\/Mug-MOckup-scaled.jpg","type":"image\/jpeg"}],"twitter_card":"summary_large_image","twitter_misc":{"Dur\u00e9e de lecture estim\u00e9e":"1 minute"},"schema":{"@context":"https:\/\/schema.org","@graph":[{"@type":"WebPage","@id":"https:\/\/identity-communication.fr\/index.php\/objets-publicitaires\/","url":"https:\/\/identity-communication.fr\/index.php\/objets-publicitaires\/","name":"Objets - Identity Communication","isPartOf":{"@id":"https:\/\/identity-communication.fr\/#website"},"primaryImageOfPage":{"@id":"https:\/\/identity-communication.fr\/index.php\/objets-publicitaires\/#primaryimage"},"image":{"@id":"https:\/\/identity-communication.fr\/index.php\/objets-publicitaires\/#primaryimage"},"thumbnailUrl":"http:\/\/identity-communication.fr\/wp-content\/uploads\/2020\/07\/Mug-MOckup-1024x768.jpg","datePublished":"2020-07-02T07:07:15+00:00","dateModified":"2025-07-29T09:48:38+00:00","description":"Identity Communication vous propose des objets publicitaires personnalis\u00e9s pour renforcer votre visibilit\u00e9 : briquets, cl\u00e9s USB, stylos...","breadcrumb":{"@id":"https:\/\/identity-communication.fr\/index.php\/objets-publicitaires\/#breadcrumb"},"inLanguage":"fr-FR","potentialAction":[{"@type":"ReadAction","target":["https:\/\/identity-communication.fr\/index.php\/objets-publicitaires\/"]}]},{"@type":"ImageObject","inLanguage":"fr-FR","@id":"https:\/\/identity-communication.fr\/index.php\/objets-publicitaires\/#primaryimage","url":"http:\/\/identity-communication.fr\/wp-content\/uploads\/2020\/07\/Mug-MOckup-1024x768.jpg","contentUrl":"http:\/\/identity-communication.fr\/wp-content\/uploads\/2020\/07\/Mug-MOckup-1024x768.jpg"},{"@type":"BreadcrumbList","@id":"https:\/\/identity-communication.fr\/index.php\/objets-publicitaires\/#breadcrumb","itemListElement":[{"@type":"ListItem","position":1,"name":"Accueil","item":"https:\/\/identity-communication.fr\/"},{"@type":"ListItem","position":2,"name":"Objets"}]},{"@type":"WebSite","@id":"https:\/\/identity-communication.fr\/#website","url":"https:\/\/identity-communication.fr\/","name":"Identity Communication","description":"Votre agence multim\u00e9dia \u00e0 Voiron","potentialAction":[{"@type":"SearchAction","target":{"@type":"EntryPoint","urlTemplate":"https:\/\/identity-communication.fr\/?s={search_term_string}"},"query-input":{"@type":"PropertyValueSpecification","valueRequired":true,"valueName":"search_term_string"}}],"inLanguage":"fr-FR"}]}},"_links":{"self":[{"href":"https:\/\/identity-communication.fr\/index.php\/wp-json\/wp\/v2\/pages\/1084","targetHints":{"allow":["GET"]}}],"collection":[{"href":"https:\/\/identity-communication.fr\/index.php\/wp-json\/wp\/v2\/pages"}],"about":[{"href":"https:\/\/identity-communication.fr\/index.php\/wp-json\/wp\/v2\/types\/page"}],"author":[{"embeddable":true,"href":"https:\/\/identity-communication.fr\/index.php\/wp-json\/wp\/v2\/users\/1"}],"replies":[{"embeddable":true,"href":"https:\/\/identity-communication.fr\/index.php\/wp-json\/wp\/v2\/comments?post=1084"}],"version-history":[{"count":17,"href":"https:\/\/identity-communication.fr\/index.php\/wp-json\/wp\/v2\/pages\/1084\/revisions"}],"predecessor-version":[{"id":1685,"href":"https:\/\/identity-communication.fr\/index.php\/wp-json\/wp\/v2\/pages\/1084\/revisions\/1685"}],"wp:attachment":[{"href":"https:\/\/identity-communication.fr\/index.php\/wp-json\/wp\/v2\/media?parent=1084"}],"curies":[{"name":"wp","href":"https:\/\/api.w.org\/{rel}","templated":true}]}}